ase 12) in base 16?
-2390
What is 5502 (base 6) in base 8?
2356
What is -3798 (base 11) in base 16?
-1353
-38c (base 16) to base 12
-638
What is -5324 (base 11) in base 8?
-15604
-455552 (base 6) to base 2
-1001011111011100
-2003 (base 4) to base 10
-131
Convert -250550 (base 6) to base 13.
-a17c
-750 (base 15) to base 11
-1270
354 (base 16) to base 12
5b0
Convert 52405 (base 6) to base 8.
15625
125302 (base 8) to base 16
aac2
Convert 8015 (base 10) to base 3.
101222212
-10313 (base 4) to base 5
-2221
What is 1093 (base 10) in base 16?
445
Convert -154 (base 8) to base 15.
-73
-33105 (base 7) to base 13
-3a05
-3041 (base 7) to base 3
-1110012
Convert 20234 (base 6) to base 7.
10555
12143 (base 6) to base 9
2410
53206 (base 7) to base 11
9964
Convert 11081 (base 11) to base 8.
37275
56570 (base 10) to base 13
1c997
What is -12395 (base 12) in base 9?
-36835
What is 1212000 (base 3) in base 4?
111012
What is -5235 (base 8) in base 2?
-101010011101
-10343 (base 5) to base 13
-438
553 (base 12) to base 13
483
Convert -3524 (base 10) to base 16.
-dc4
Convert -20563 (base 8) to base 16.
-2173
Convert -4184 (base 11) to base 12.
-3255
Convert -1120 (base 7) to base 3.
-120001
What is -99b4 (base 13) in base 15?
-6546
Convert -594 (base 12) to base 8.
-1500
Convert -10314 (base 12) to base 7.
-115522
Convert -103400 (base 6) to base 4.
-2011320
What is -342 (base 13) in base 11?
-470
-12018 (base 11) to base 15
-51ec
-5442 (base 6) to base 2
-10011100010
Convert -30a (base 15) to base 14.
-36d
873 (base 10) to base 8
1551
What is -1332 (base 12) in base 8?
-4226
Convert 14a1 (base 14) to base 16.
e55
Convert -2663 (base 7) to base 4.
-100001
181 (base 15) to base 9
424
-5602 (base 12) to base 16
-2522
-29d8 (base 14) to base 2
-1110100010010
-3481 (base 10) to base 8
-6631
What is -10148 (base 9) in base 16?
-1a1e
What is -2ac (base 15) in base 2?
-1001100100
What is -11364 (base 7) in base 14?
-10db
Convert -2115 (base 7) to base 6.
-3243
What is -210022 (base 3) in base 8?
-1077
3311 (base 4) to base 12
185
-176 (base 16) to base 8
-566
What is -1914 (base 11) in base 13?
-1154
4225 (base 6) to base 8
1671
What is 40130 (base 5) in base 13?
1205
-3115 (base 6) to base 11
-582
1231012 (base 4) to base 12
405a
Convert -141552 (base 6) to base 11.
-a071
20124 (base 5) to base 6
5545
1902 (base 15) to base 8
12432
What is -12153 (base 6) in base 13?
-a83
What is 43440 (base 6) in base 3?
22020020
-6641 (base 7) to base 13
-1112
What is -15588 (base 13) in base 12?
-1b533
Convert 3373 (base 12) to base 13.
2799
What is -408 (base 14) in base 7?
-2211
What is -4052 (base 12) in base 13?
-3236
Convert 93b (base 14) to base 15.
812
Convert -46a (base 12) to base 10.
-658
-686 (base 10) to base 13
-40a
1020121 (base 3) to base 2
1110001011
11012133 (base 4) to base 15
62d0
111011110000 (base 2) to base 7
14102
Convert -209 (base 15) to base 14.
-24b
-888 (base 11) to base 2
-10000101000
What is -22143 (base 6) in base 10?
-3087
What is 121010 (base 3) in base 16?
1b3
What is -28a8 (base 15) in base 12?
-5058
Convert 10011101111 (base 2) to base 16.
4ef
Convert 21024 (base 5) to base 13.
82b
46680 (base 11) to base 6
1235512
Convert -754 (base 14) to base 8.
-2646
Convert 1012110 (base 3) to base 9.
1173
1233 (base 11) to base 5
22414
What is -11010122 (base 3) in base 11?
-22a0
What is 4f (base 16) in base 12?
67
What is 1e (base 15) in base 13?
23
Convert 212112 (base 3) to base 15.
2c5
What is -644 (base 10) in base 4?
-22010
-1148 (base 9) to base 5
-11404
Convert 111010111 (base 2) to base 16.
1d7
-2075 (base 11) to base 15
-c2e
Convert 1b8b (base 15) to base 10.
5981
What is -e743 (base 15) in base 7?
-262350
-717 (base 8) to base 13
-298
What is 24623 (base 8) in base 10?
10643
-5846 (base 16) to base 4
-11201012
What is 5074 (base 13) in base 15?
343a
Convert -11488 (base 11) to base 15.
-4d87
2022220 (base 3) to base 7
4644
925 (base 10) to base 15
41a
Convert 110002 (base 3) to base 9.
402
-6b5a (base 13) to base 16
-3b0c
Convert 1b72 (base 12) to base 13.
1715
4403 (base 5) to base 13
375
What is -13074 (base 8) in base 4?
-1120330
-152313 (base 6) to base 2
-11100111010101
651 (base 9) to base 16
214
What is 1350 (base 16) in base 15?
16e9
300 (base 14) to base 16
24c
Convert 10100001101110 (base 2) to base 10.
10350
Convert -11021 (base 3) to base 11.
-a5
What is 545 (base 8) in base 3?
111020
d9 (base 15) to base 2
11001100
What is 3400 (base 10) in base 7?
12625
Convert 407 (base 9) to base 2.
101001011
-7755 (base 13) to base 4
-10003320
Convert -4373 (base 11) to base 9.
-7817
Convert -3321 (base 5) to base 12.
-325
-21203220 (base 4) to base 15
-b8e9
Convert -150 (base 7) to base 16.
-54
What is -31250 (base 6) in base 15?
-13a6
10131 (base 5) to base 13
3c3
Convert -760a (base 15) to base 9.
-37241
Convert 134525 (base 6) to base 15.
3b85
-15 (base 11) to base 12
-14
-191b6 (base 12) to base 6
-441150
-3583 (base 9) to base 6
-20203
What is 43 (base 13) in base 4?
313
Convert -20742 (base 9) to base 2.
-11010110011111
Convert 11202 (base 3) to base 10.
128
151 (base 6) to base 2
1000011
What is 1111220 (base 3) in base 6?
5040
What is 12a99 (base 12) in base 6?
315113
-141020 (base 6) to base 4
-3032010
Convert -111111101 (base 2) to base 13.
-302
What is 3778 (base 11) in base 6?
34445
What is 1110100101 (base 2) in base 9?
1246
What is 3231431 (base 5) in base 8?
153711
Convert -143155 (base 6) to base 4.
-3111233
444 (base 7) to base 14
124
Convert -4137 (base 8) to base 2.
-100001011111
What is 474b (base 12) in base 6?
100535
What is -1890 (base 16) in base 14?
-2412
Convert -26065 (base 7) to base 9.
-10424
417a4 (base 11) to base 14
1826c
What is 265742 (base 8) in base 14?
25d3c
Convert -40 (base 13) to base 5.
-202
What is -233 (base 10) in base 16?
-e9
Convert 22113 (base 4) to base 2.
1010010111
What is -11111100 (base 2) in base 8?
-374
-131431 (base 5) to base 15
-1846
What is -260 (base 14) in base 8?
-734
Convert a04 (base 12) to base 11.
10a3
Convert d3 (base 15) to base 10.
198
Convert -398 (base 14) to base 5.
-10342
Convert 145a (base 15) to base 14.
1836
Convert -737 (base 9) to base 6.
-2441
Convert 2095 (base 10) to base 4.
200233
What is -420 (base 13) in base 3?
-222000
Convert 5544 (base 9) to base 14.
16c2
What is -11011110001100 (base 2) in base 16?
-378c
Convert -4245 (base 9) to base 4.
-300233
What is -31250 (base 7) in base 12?
-453b
What is -5979 (base 12) in base 10?
-10029
Convert -3564 (base 7) to base 4.
-110220
-23461 (base 7) to base 2
-1011110110110
Convert -12310 (base 6) to base 7.
-5241
What is 165 (base 8) in base 9?
140
-42046 (base 8) to base 14
-6502
Convert 35315 (base 7) to base 2.
10001101110101
What is -b4 (base 12) in base 16?
-88
Convert -1717 (base 8) to base 16.
-3cf
What is -111 (base 16) in base 11?
-229
-264 (base 15) to base 12
-394
910 (base 12) to base 7
3546
Convert 149a (base 13) to base 15.
d50
Convert -44400 (base 7) to base 4.
-2232210
What is -1112103 (base 4) in base 12?
-3243
What is -2212011 (base 4) in base 7?
-42663
Convert 1021021211 (base 3) to base 9.
37254
1001011101 (base 2) to base 15
2a5
221100210 (base 3) to base 7
104622
-10330 (base 5) to base 16
-2cb
What is -9597 (base 16) in base 9?
-57470
Convert -2055 (base 6) to base 5.
-3332
235172 (base 8) to base 2
10011101001111010
Convert -8a6 (base 16) to base 13.
-1014
11321321 (base 4) to base 11
17197
207a (base 12) to base 6
24234
What is -50345 (base 7) in base 5?
-342220
What is -647 (base 9) in base 5?
-4104
What is -19143 (base 11) in base 5?
-1324123
Convert -1506 (base 8) to base 13.
-4c6
Convert 2340 (base 8) to base 13.
750
2643 (base 8) to base 5
21233
Convert 5053 (base 10) to base 6.
35221
-23103 (base 4) to base 9
-883
Convert -213 (base 7) to base 10.
-108
Convert 251151 (base 6) to base 5.
1203230
What is -10c05 (base 13) in base 16?
-7782
Convert -6543 (base 9) to base 10.
-4818
d52 (base 15) to base 4
232322
6584 (base 9) to base 6
34251
What is -11312 (base 4) in base 16?
-176
-1a62a (base 11) to base 6
-340525
308 (base 11) to base 10
371
What is -275 (base 12) in base 8?
-571
What is -1000000 (base 4) in base 16?
-1000
Convert -380 (base 14) to base 10.
-700
What is c17 (base 16) in base 